 - 12. Determine o(-1).
-97
Let g(w) = -1579*w - 4685. Give g(-3).
52
Let d(h) = -h**2 - 7*h + 317. Give d(14).
23
Let v(r) = -8*r + 44. Give v(9).
-28
Let f(w) = -w**2 + 25*w - 200. Calculate f(19).
-86
Let v(n) = 383*n**2 - 9*n + 1. Give v(-1).
393
Let v(k) = 6*k**3 - 94*k**2 + 65*k - 70. Determine v(15).
5
Let q(m) = -245*m - 5418. Determine q(-22).
-28
Let p(x) = -101*x**2 + 10609*x - 408. Determine p(105).
12
Let n(w) = w**3 - 14*w**2 - 16*w + 3. Give n(15).
-12
Let c(v) = 3*v**2 + 29*v + 45. What is c(-14)?
227
Let u(c) = -23*c - 2409. Determine u(-104).
-17
Let s(n) = -6*n + 139. Give s(17).
37
Let s(g) = g**3 + 127*g**2 + 2*g + 182. Calculate s(-127).
-72
Let q(j) = 2*j**2 + 88*j - 24140. Give q(-134).
-20
Let h(v) = 11*v**2 + 197*v - 78. What is h(-19)?
150
Let v(l) = -83*l**2 + 1235*l + 76. Give v(15).
-74
Let b(o) = 197*o - 686. What is b(3)?
-95
Let j(f) = f**2 + 5. Determine j(-12).
149
Let o(v) = 473*v + 17500. Give o(-37).
-1
Let c(f) = 41*f**2 - 743*f + 88. Calculate c(18).
-2
Let c(d) = d**3 - 46*d**2 - 48*d + 37. Determine c(47).
-10
Let c(n) = -n**3 - 69*n**2 - 68*n - 215. Calculate c(-68).
-215
Let j(q) = -q**3 + 7*q**2 - 131*q + 912. Give j(7).
-5
Let c(b) = 2*b**2 + 64*b + 24. Give c(-32).
24
Let w(d) = 690*d + 2459. Calculate w(-4).
-301
Let z(j) = j**2 + 21*j - 183. What is z(-27)?
-21
Let n(v) = -3*v**3 - 12*v**2 + 30*v + 1. Calculate n(-7).
232
Let s(y) = -256*y + 31498. Give s(123).
10
Let b(a) = -2*a**2 + 84*a - 84. Determine b(35).
406
Let v(w) = -2*w - 188. Give v(-94).
0
Let t(o) = -269*o + 400. What is t(2)?
-138
Let m(o) = -o**3 + 72. Determine m(0).
72
Let g(i) = i**2 + 41*i + 133. Give g(-7).
-105
Let i(f) = f**2 + 56*f - 1298. Calculate i(-73).
-57
Let y(n) = n**2 - 35*n - 163. Calculate y(-5).
37
Let m(b) = -b**3 - 44*b**2 + 38*b - 342. What is m(-45)?
-27
Let m(y) = 2*y**3 + 41*y**2 - 107*y + 256. Give m(-23).
72
Let a(d) = -d**3 - 28*d**2 + 2*d + 17. What is a(-28)?
-39
Let t(j) = j**3 - 8*j**2 - 32. Determine t(7).
-81
Let n(z) = z**2 + 48*z + 99. What is n(-45)?
-36
Let q(j) = 16*j + 207. Give q(-6).
111
Let f(t) = 63*t**2 - 483*t - 162. Determine f(8).
6
Let s(a) = -86*a**2 + 423*a + 52. Determine s(5).
17
Let q(z) = z**3 - 53*z**2 - 3*z - 3. Calculate q(53).
-162
Let h(r) = 3*r**3 + 60*r**2 - 6*r + 73. What is h(-20)?
193
Let p(b) = 5*b**2 + 10*b + 46. What is p(-7)?
221
Let g(w) = w**3 - 43*w**2 - 5*w + 221. Determine g(43).
6
Let f(m) = m**3 - 14*m**2 - 1145*m - 1010. Give f(-27).
16
Let d(s) = 4*s - 298. Calculate d(56).
-74
Let g(n) = n**3 - 18*n**2 + 56*n - 18. Determine g(4).
-18
Let d(m) = 2*m**2 + m - 2026. Give d(-32).
-10
Let q(f) = 247*f**3 - 2*f**2 + 7*f - 7. Give q(1).
245
Let u(s) = 136*s**3 - 8*s - 6. What is u(-1)?
-134
Let u(b) = -3*b**2 - 22*b + 132. What is u(4)?
-4
Let a(o) = 559*o + 12860. Give a(-23).
3
Let v(f) = 5*f**2 + 7*f + 80. What is v(13)?
1016
Let d(p) = 8*p**2 + 258*p + 45. Calculate d(-31).
-265
Let a(h) = -2*h - 9. Determine a(18).
-45
Let s(k) = -9*k**2 + 47*k - 64. Calculate s(4).
-20
Let u(y) = y**2 + 230*y + 3039. Determine u(-14).
15
Let s(t) = 82*t + 162. What is s(-2)?
-2
Let c(t) = -2*t**2 + 36*t + 187. Determine c(31).
-619
Let g(u) = 33*u**2 - 6*u + 8. Calculate g(0).
8
Let t(i) = i**2 - 12*i + 30. Calculate t(5).
-5
Let t(r) = -101*r - 4118. Determine t(-41).
23
Let n(t) = 6*t - 26. Give n(-5).
-56
Let s(o) = 1836*o - 27558. Give s(15).
-18
Let u(f) = -2*f**3 + 19*f**2 - 7*f + 3. What is u(9)?
21
Let l(c) = 36*c + 919. Give l(-25).
19
Let g(i) = 28*i + 668. What is g(-24)?
-4
Let y(w) = w**3 - 7*w**2 - 49*w - 137. Give y(12).
-5
Let g(u) = 9*u**3 + 531*u**2 + 7*u + 408. Give g(-59).
-5
Let d(l) = l**3 + 94*l**2 - 189*l + 202. Determine d(-96).
-86
Let w(o) = -4*o**3 + 88*o**2 + 9*o - 25. What is w(22)?
173
Let j(v) = -v**3 - 79*v**2 + 79*v - 96. What is j(-80)?
-16
Let s(w) = 4*w**2 - 5*w + 1. What is s(-6)?
175
Let g(i) = -i**3 - 9*i**2 - 4*i - 8. What is g(-5)?
-88
Let k(z) = 3*z + 211. What is k(20)?
271
Let u(k) = k**3 + 8*k**2 - 37*k + 4. What is u(-11)?
48
Let z(l) = 100*l - 94. What is z(1)?
6
Let v(t) = -t**3 - 5*t**2 + 42*t + 147. Determine v(-8).
3
Let i(l) = l**3 + 42*l**2 + 35*l - 172. Determine i(-41).
74
Let g(u) = -1524*u + 2999. What is g(2)?
-49
Let x(r) = r**3 - 39*r**2 + 72*r + 54. What is x(37)?
-20
Let n(a) = 3*a**2 - 34*a - 4. Determine n(7).
-95
Let s(i) = 198*i**3 + 4*i**2 - 14*i + 13. Determine s(1).
201
Let j(t) = 5*t**3 - 5*t**2 + 9*t - 1. Calculate j(2).
37
Let o(z) = -2*z**2 + 47*z - 229. What is o(13)?
44
Let g(w) = 74*w - 280. Determine g(4).
16
Let y(n) = -n**3 + 36*n**2 - 90*n + 737. Calculate y(34).
-11
Let f(z) = 22*z**2 - 63*z - 246. Calculate f(-4).
358
Let x(c) = -106*c + 4233. Determine x(40).
-7
Let s(c) = c**2 + 77*c - 4371. Determine s(-115).
-1
Let o(n) = 40*n - 1049. Determine o(37).
431
Let r(a) = -a**3 + 36*a**2 - 317*a + 66. What is r(21)?
24
Let q(r) = 767*r + 9958. Determine q(-13).
-13
Let g(y) = -y**3 + 2*y**2 + 60*y - 84. Give g(8).
12
Let i(g) = 933*g + 12175. Determine i(-13).
46
Let k(q) = 2*q**3 + 15*q**2 + 18*q - 3. What is k(-6)?
-3
Let n(m) = -m**3 + 8*m**2 + 7*m + 33. What is n(9)?
15
Let z(h) = -263*h - 6576. Calculate z(-25).
-1
Let w(v) = -v**3 + 20*v**2 + 26*v - 504. Calculate w(20).
16
Let w(u) = 5*u**3 + 60*u**2 - 77*u - 46. Give w(-13).
110
Let s(g) = 7*g**2 + 58*g - 5. Calculate s(-8).
-21
Let b(r) = 9*r**2 + 275*r - 1056. Calculate b(-34).
-2
Let f(o) = -o**3 - 21*o**2 + 71*o + 1116. Give f(-22).
38
Let v(h) = 3*h**3 - 9*h**2 + 25*h - 50. Calculate v(2).
-12
Let b(w) = -3*w**3 + 10*w**2 - 162*w + 638. Determine b(4).
-42
Let y(u) = -8*u - 10. Determine y(9).
-82
Let v(a) = -1025*a + 4103. Calculate v(4).
3
Let w(q) = q**2 + 153*q - 948. Calculate w(6).
6
Let x(s) = -2*s**2 - 41*s - 48. Give x(-19).
9
Let n(y) = y**3 + 104*y**2 + 2142*y - 2477. Calculate n(-75).
-2
Let r(u) = -254*u - 11449. What is r(-45)?
-19
Let t(s) = 76*s + 403. Calculate t(-5).
23
Let o(x) = x**3 + 5*x**2 + 43*x + 130. Calculate o(-3).
19
Let s(a) = 2*a**3 + 27*a**2 + 15*a + 34. Calculate s(-13).
8
Let k(l) = -17*l + 1891. What is k(111)?
4
Let v(c) = -13*c - 587. Calculate v(-43).
-28
Let q(u) = -u**3 + 73*u - 67. Determine q(8).
5
Let y(l) = -8*l**2 + 29*l - 81. Calculate y(7).
-270
Let q(s) = 2*s - 90. Calculate q(9).
-72
Let m(n) = -502*n + 16057. Calculate m(32).
-7
Let t(o) = 116*o - 7622. Give t(66).
34
Let y(w) = -9*w - 218. Calculate y(-16).
-74
Let d(v) = -v**2 + 21*v + 5692. Calculate d(-65).
102
Let u(w) = -w**2 - 34*w + 186. Calculate u(-35).
151
Let y(t) = -1901*t - 11407. Calculate y(-6).
-1
Let z(c) = 6*c**2 - 6*c - 4. Determine z(0).
-4
Let o(y) = -331*y - 17211. Give o(-52).
1
Let r(i) = 2*i**3 + 24*i**2 - 6*i - 118. Give r(-12).
-46
Let q(l) = l**3 + 54*l**2 + 189*l - 486. Calculate q(-50).
64
Let a(t) = -t**3 + 9*t**2 + 153*t - 981. Give a(6).
45
Let s(j) = 2*j**2 + 106*j + 552. Determine s(-46).
-92
Let z(y) = 1007*y - 90623. What is z(90)?
7
Let i(f) = 3*f**2 + 15*f - 13. Give i(-12).
239
Let q(y) = 6994*y - 83943. Determine q(12).
-15
Let g(f) = -3*f**2 + 16*f - 7. Give g(12).
-247
Let o(m) = -672*m + 6740. Calculate o(10).
20
Let n(v) = -19*v - 82. What is n(-12)?
146
Let u(h) = 36*h - 1170. What is u(33)?
18
Let a(p) = p**2 + 20*p - 335. Calculate a(-30).
-35
Let p(k) = -1046*k + 30332. Give p(29).
-2
Let m(z) = -z**2 - 43*z + 5. Give m(-42).
47
Let h(u) = 104*u + 3032. Determine h(-29).
16
Let n(w) = -6*w**2 + 535*w + 2145. Give n(93).
6
Let n(q) = -q**2 - 46*q + 911. Calculate n(15).
-4
Let z(a) = a**3 + 81*a**2 - 164*a + 177. Calculate z(-83).
11
Let d(z) = -3*z**2 + 47*z - 15. What is d(17)?
-83
Let t(p) = -233*p + 2260. Determine t(10).
-70
Let b(v) = 2*v**3 - 59*v**2 + 24*v + 97. Determine b(29).
-48
Let o(l) = -l**3 + 6*l**2 + 18*l - 29. Determine o(8).
-13
Let b(y) = 2*y**3 - 33*y**2 - 56*y - 9. Determine b(18).
-45
Let h(c) = c - 17. Calculate h(9).
-8
Let j(y) = -2*y**2 - 39*y + 26. What is j(0)?
26
Let p(y) = -76*y - 315. What is p(-4)?
-11
Let d(r) = 317*r - 949. Give d(3).
2
Let h(q) = -3263*q - 238202. Give h(-73).
-3
Let h(a) = a**2 - 1081*a + 125264. Calculate h(132).
-4
Let w(n) = -578*n - 4582. Give w(-8).
42
Let x(l) = -l**3 + 376*l**2 - 2267*l + 17396. Calculate x(370)